is the hundreds digit of 67998?
9
What is the hundred thousands digit of 1411963?
4
What is the tens digit of 937666?
6
What is the millions digit of 12128409?
2
What is the tens digit of 698442?
4
What is the thousands digit of 736332?
6
What is the tens digit of 227172?
7
What is the ten thousands digit of 141879?
4
What is the hundreds digit of 281068?
0
What is the thousands digit of 8630352?
0
What is the hundreds digit of 654500?
5
What is the thousands digit of 1267009?
7
What is the thousands digit of 3320774?
0
What is the hundreds digit of 1857847?
8
What is the hundred thousands digit of 298798?
2
What is the tens digit of 15148?
4
What is the units digit of 5240394?
4
What is the units digit of 8507763?
3
What is the units digit of 283946?
6
What is the units digit of 2412166?
6
What is the units digit of 276036?
6
What is the ten thousands digit of 7584903?
8
What is the units digit of 2961159?
9
What is the hundreds digit of 7330647?
6
What is the hundreds digit of 439022?
0
What is the tens digit of 5815172?
7
What is the thousands digit of 309088?
9
What is the hundred thousands digit of 536996?
5
What is the units digit of 8545647?
7
What is the hundreds digit of 3523387?
3
What is the tens digit of 1972484?
8
What is the hundreds digit of 2242811?
8
What is the hundred thousands digit of 184202?
1
What is the hundred thousands digit of 2185417?
1
What is the hundred thousands digit of 475024?
4
What is the units digit of 1107190?
0
What is the hundreds digit of 139311?
3
What is the tens digit of 2627772?
7
What is the tens digit of 910518?
1
What is the hundreds digit of 37065?
0
What is the units digit of 233392?
2
What is the ten thousands digit of 135703?
3
What is the hundred thousands digit of 971115?
9
What is the ten thousands digit of 372711?
7
What is the tens digit of 4393495?
9
What is the hundred thousands digit of 677149?
6
What is the hundred thousands digit of 790791?
7
What is the thousands digit of 114869?
4
What is the ten thousands digit of 10396819?
9
What is the ten thousands digit of 1861858?
6
What is the units digit of 366048?
8
What is the units digit of 957863?
3
What is the units digit of 278815?
5
What is the ten thousands digit of 160502?
6
What is the thousands digit of 798233?
8
What is the hundreds digit of 238948?
9
What is the millions digit of 3703220?
3
What is the tens digit of 29478?
7
What is the units digit of 26807?
7
What is the thousands digit of 5845206?
5
What is the hundreds digit of 861692?
6
What is the tens digit of 15060031?
3
What is the hundred thousands digit of 2619683?
6
What is the units digit of 343438?
8
What is the hundreds digit of 352422?
4
What is the millions digit of 4611159?
4
What is the ten thousands digit of 3367552?
6
What is the ten millions digit of 21852075?
2
What is the tens digit of 160626?
2
What is the hundreds digit of 383509?
5
What is the units digit of 599714?
4
What is the units digit of 8013431?
1
What is the thousands digit of 7378053?
8
What is the tens digit of 2990726?
2
What is the thousands digit of 8500995?
0
What is the units digit of 6809002?
2
What is the units digit of 232196?
6
What is the hundred thousands digit of 250339?
2
What is the hundred thousands digit of 1524772?
5
What is the tens digit of 1884906?
0
What is the hundred thousands digit of 587846?
5
What is the units digit of 9716137?
7
What is the units digit of 111474?
4
What is the ten thousands digit of 77915?
7
What is the thousands digit of 224234?
4
What is the hundreds digit of 7802380?
3
What is the units digit of 226178?
8
What is the thousands digit of 4533960?
3
What is the thousands digit of 20581889?
1
What is the thousands digit of 5228534?
8
What is the tens digit of 17433206?
0
What is the tens digit of 22047192?
9
What is the hundred thousands digit of 8726841?
7
What is the units digit of 1950326?
6
What is the tens digit of 1327369?
6
What is the millions digit of 5814363?
5
What is the hundred thousands digit of 8867587?
8
What is the units digit of 830930?
0
What is the thousands digit of 287202?
7
What is the hundred thousands digit of 207458?
2
What is the units digit of 246506?
6
What is the units digit of 203720?
0
What is the tens digit of 85920?
2
What is the tens digit of 1319475?
7
What is the tens digit of 317587?
8
What is the hundreds digit of 19066428?
4
What is the hundreds digit of 393674?
6
What is the hundreds digit of 3404761?
7
What is the thousands digit of 1624850?
4
What is the tens digit of 2810833?
3
What is the units digit of 237835?
5
What is the hundreds digit of 2689603?
6
What is the hundred thousands digit of 460202?
4
What is the units digit of 13447029?
9
What is the hundred thousands digit of 595536?
5
What is the hundreds digit of 9138792?
7
What is the tens digit of 861561?
6
What is the tens digit of 24611735?
3
What is the tens digit of 6644?
4
What is the units digit of 27894401?
1
What is the thousands digit of 13795812?
5
What is the units digit of 169602?
2
What is the hundred thousands digit of 257511?
2
What is the millions digit of 1345718?
1
What is the thousands digit of 652138?
2
What is the hundreds digit of 1311917?
9
What is the hundreds digit of 22838612?
6
What is the tens digit of 30726?
2
What is the thousands digit of 1257768?
7
What is the millions digit of 8415614?
8
What is the millions digit of 1352912?
1
What is the ten thousands digit of 2140698?
4
What is the thousands digit of 28253610?
3
What is the tens digit of 818747?
4
What is the thousands digit of 36706?
6
What is the hundred thousands digit of 235818?
2
What is the ten thousands digit of 2704469?
0
What is the millions digit of 4686721?
4
What is the thousands digit of 12369940?
9
What is the ten thousands digit of 35026538?
2
What is the hundreds digit of 165786?
7
What is the units digit of 124790?
0
What is the ten thousands digit of 555830?
5
What is the hundred thousands digit of 3593921?
5
What is the units digit of 1881062?
2
What is the units digit of 1484407?
7
What is the hundreds digit of 110365?
3
What is the ten thousands digit of 2486456?
8
What is the tens digit of 77344?
4
What is the ten thousands digit of 3700624?
0
What is the units digit of 3033831?
1
What is the units digit of 627870?
0
What is the ten thousands digit of 1253628?
5
What is the ten thousands digit of 94174?
9
What is the ten thousands digit of 3240624?
4
What is the thousands digit of 4757370?
7
What is the tens digit of 742333?
3
What is the hundreds digit of 874928?
9
What is the thousands digit of 5359358?
9
What is the hundreds digit of 581867?
8
What is the hundred thousands digit of 12329363?
3
What is the hundred thousands digit of 103863?
1
What is the hundreds digit of 1670930?
9
What is the hundreds digit of 37573?
5
What is the millions digit of 1950703?
1
What is the hundred thousands digit of 1358921?
3
What is the thousands digit of 1333652?
3
What is the thousands digit of 14839443?
9
What is the units digit of 33660?
0
What is the tens digit of 7472993?
9
What is the hundred thousands digit of 357951?
3
What is the units digit of 1511958?
8
What is the hundreds digit of 245294?
2
What is the hundreds digit of 235558?
5
What is the tens digit of 27477171?
7
What is the hundreds digit of 591405?
4
What is the thousands digit of 193490?
3
What is the thousands digit of 21072343?
2
What is the hundred thousands digit of 6031468?
0
What is the units digit of 1598422?
2
What is the tens digit of 814451?
5
What is the hundreds digit of 1566016?
0
What is the hundred thousands digit of 337729?
3
What is the millions digit of 1325613?
1
What is the units digit of 166326?
6
What is the units digit of 11948889?
9
What is the tens digit of 2752118?
1
What is the millions digit of 12397289?
2
What is the thousands digit of 6005968?
5
What is the hundred thousands digit of 7135484?
1
What is the thousands digit of 104910?
4
What is the thousands digit of 127129?
7
What is the ten thousands digit of 6949649?
4
What is the tens digit of 2765180?
8
What is the hundreds digit of 320698?
6
What is the hundreds digit of 17869742?
7
What is the thousands digit of 1409085?
9
What is the millions digit of 1629870?
1
What is the hundred thousands d